{"id":537,"date":"2023-12-04T18:06:38","date_gmt":"2023-12-04T17:06:38","guid":{"rendered":"https:\/\/ameliekorsi.com\/?page_id=537"},"modified":"2024-03-06T18:09:28","modified_gmt":"2024-03-06T17:09:28","slug":"about-2","status":"publish","type":"page","link":"https:\/\/ameliekorsi.com\/?page_id=537","title":{"rendered":"\u00c0 PROPOS"},"content":{"rendered":"\t\t<div data-elementor-type=\"wp-page\" data-elementor-id=\"537\" class=\"elementor elementor-537\">\n\t\t\t\t<div class=\"elementor-element elementor-element-f0f7680 e-flex e-con-boxed wd-section-disabled e-con e-parent\" data-id=\"f0f7680\" data-element_type=\"container\">\n\t\t\t\t\t<div class=\"e-con-inner\">\n\t\t<div class=\"elementor-element elementor-element-50f4203 e-con-full e-flex wd-section-disabled e-con e-child\" data-id=\"50f4203\" data-element_type=\"container\">\n\t\t\t\t<div class=\"elementor-element elementor-element-bfc7e67 elementor-widget elementor-widget-wd_text_block\" data-id=\"bfc7e67\" data-element_type=\"widget\" data-widget_type=\"wd_text_block.default\">\n\t\t\t\t<div class=\"elementor-widget-container\">\n\t\t\t\t\t\t\t\t<link rel=\"stylesheet\" id=\"wd-text-block-css\" href=\"https:\/\/ameliekorsi.com\/wp-content\/themes\/woodmart\/css\/parts\/el-text-block.min.css?ver=7.3.2\" type=\"text\/css\" media=\"all\" \/> \t\t\t\t\t<div class=\"wd-text-block reset-last-child text-left\">\n\t\t\t\n\t\t\t<p>J\u2019\u00e9cris par plaisir, par n\u00e9cessit\u00e9, pour me conna\u00eetre, pour me souvenir, m\u00eame si c\u2019est faux,<\/p><p>j\u2019\u00e9cris en d\u00e9cal\u00e9 des sentiments qui appartiennent d\u00e9j\u00e0 au pass\u00e9, pour rassembler des fragments dispers\u00e9s en moi,<\/p><p>j\u2019\u00e9cris par passion, par \u00e9merveillement, par peur, par angoisse, <\/p>j'\u00e9cris ce qui \u00e9choue, ce qui manque, ce qui est trop, ce qui est envahissant,<br><br><p>j\u2019\u00e9cris les gens,<\/p>j'\u00e9cris pour aller de l'autre c\u00f4t\u00e9 des silences, m\u00eame si de l'autre c\u00f4t\u00e9 il y a d'autres silences (Marie-H\u00e9l\u00e8ne Lafon),<br><br><p>j\u2019\u00e9cris pour cohabiter avec les pens\u00e9es ou pour m\u2019en d\u00e9tourner,<\/p><p>j\u2019\u00e9cris dans l\u2019espoir de me d\u00e9barrasser,<\/p><p>j\u2019\u00e9cris pour r\u00e9unir, cr\u00e9er des chemins, des liens qui forment des figures, entre l\u2019int\u00e9rieur et l\u2019ext\u00e9rieur, l\u2019intime et le commun, les \u00eatres et les vies,<\/p><p>j\u2019\u00e9cris pour creuser, approfondir, comprendre, participer au monde,<\/p><p>j\u2019\u00e9cris ce qui passe inaper\u00e7u, pour trouver les angles cach\u00e9s, les tourner et les retourner comme les kal\u00e9idoscopes pour en r\u00e9v\u00e9ler des combinaisons plus ou moins lumineuses,<\/p><p>j\u2019\u00e9cris parce que c\u2019est la forme de travail faite pour moi,<\/p><p>j\u2019\u00e9cris pour me calmer,<\/p><p>j\u2019\u00e9cris des histoires, je fabrique, je coupe, je monte, je relis, c\u2019est long, fastidieux, enjou\u00e9, satisfaisant, excitant, triste ou heureux.<\/p><p>Vous pouvez d\u00e9couvrir ces cr\u00e9ations dans la section Projets.<\/p><p>Je tiens aussi un journal, des d\u00e9couvertes, des lectures, des pens\u00e9es. J\u2019en partage quelques-unes avec vous.<\/p><p class=\"yiv5879820641gmail-font8\"><span class=\"yiv5879820641gmail-wixui-rich-texttext\">Merci d\u2019avoir visit\u00e9 ce site, d\u2019avoir lu ces mots. Si vous souhaitez me contacter, me faire part de vos retours ou discuter d\u2019une possible collaboration, n\u2019h\u00e9sitez pas \u00e0 m\u2019envoyer un mail.<\/span><\/p>\n\t\t\t\t\t<\/div>\n\t\t\t\t\t\t<\/div>\n\t\t\t\t<\/div>\n\t\t\t\t<\/div>\n\t\t<div class=\"elementor-element elementor-element-86db864 e-con-full e-flex wd-section-disabled e-con e-child\" data-id=\"86db864\" data-element_type=\"container\">\n\t\t\t\t<div class=\"elementor-element elementor-element-3b99299 elementor-widget elementor-widget-spacer\" data-id=\"3b99299\" data-element_type=\"widget\" data-widget_type=\"spacer.default\">\n\t\t\t\t<div class=\"elementor-widget-container\">\n\t\t\t\t\t\t\t<div class=\"elementor-spacer\">\n\t\t\t<div class=\"elementor-spacer-inner\"><\/div>\n\t\t<\/div>\n\t\t\t\t\t\t<\/div>\n\t\t\t\t<\/div>\n\t\t\t\t<div class=\"elementor-element elementor-element-658ecb4 elementor-widget elementor-widget-image\" data-id=\"658ecb4\" data-element_type=\"widget\" data-widget_type=\"image.default\">\n\t\t\t\t<div class=\"elementor-widget-container\">\n\t\t\t\t\t\t\t\t\t\t\t\t\t\t\t<img fetchpriority=\"high\" decoding=\"async\" width=\"395\" height=\"385\" src=\"https:\/\/ameliekorsi.com\/wp-content\/uploads\/2023\/12\/kaleidoscope-2_edited_edited.webp\" class=\"attachment-large size-large wp-image-544\" alt=\"\" srcset=\"https:\/\/ameliekorsi.com\/wp-content\/uploads\/2023\/12\/kaleidoscope-2_edited_edited.webp 395w, https:\/\/ameliekorsi.com\/wp-content\/uploads\/2023\/12\/kaleidoscope-2_edited_edited-300x292.webp 300w, https:\/\/ameliekorsi.com\/wp-content\/uploads\/2023\/12\/kaleidoscope-2_edited_edited-150x146.webp 150w\" sizes=\"(max-width: 395px) 100vw, 395px\" \/>\t\t\t\t\t\t\t\t\t\t\t\t\t\t\t<\/div>\n\t\t\t\t<\/div>\n\t\t\t\t<\/div>\n\t\t\t\t\t<\/div>\n\t\t\t\t<\/div>\n\t\t<div class=\"elementor-element elementor-element-05dab8e e-flex e-con-boxed wd-section-disabled e-con e-parent\" data-id=\"05dab8e\" data-element_type=\"container\">\n\t\t\t\t\t<div class=\"e-con-inner\">\n\t\t\t\t<div class=\"elementor-element elementor-element-bcd5504 elementor-widget-divider--view-line elementor-widget elementor-widget-divider\" data-id=\"bcd5504\" data-element_type=\"widget\" data-widget_type=\"divider.default\">\n\t\t\t\t<div class=\"elementor-widget-container\">\n\t\t\t\t\t\t\t<div class=\"elementor-divider\">\n\t\t\t<span class=\"elementor-divider-separator\">\n\t\t\t\t\t\t<\/span>\n\t\t<\/div>\n\t\t\t\t\t\t<\/div>\n\t\t\t\t<\/div>\n\t\t\t\t<div class=\"elementor-element elementor-element-da894a6 elementor-widget elementor-widget-wd_contact_form_7\" data-id=\"da894a6\" data-element_type=\"widget\" data-widget_type=\"wd_contact_form_7.default\">\n\t\t\t\t<div class=\"elementor-widget-container\">\n\t\t\t\t\t\n<div class=\"wpcf7 no-js\" id=\"wpcf7-f1747-o1\" lang=\"fr-FR\" dir=\"ltr\">\n<div class=\"screen-reader-response\"><p role=\"status\" aria-live=\"polite\" aria-atomic=\"true\"><\/p> <ul><\/ul><\/div>\n<form action=\"\/index.php?rest_route=%2Fwp%2Fv2%2Fpages%2F537#wpcf7-f1747-o1\" method=\"post\" class=\"wpcf7-form init\" aria-label=\"Formulaire de contact\" novalidate=\"novalidate\" data-status=\"init\">\n<div style=\"display: none;\">\n<input type=\"hidden\" name=\"_wpcf7\" value=\"1747\" \/>\n<input type=\"hidden\" name=\"_wpcf7_version\" value=\"5.8.2\" \/>\n<input type=\"hidden\" name=\"_wpcf7_locale\" value=\"fr_FR\" \/>\n<input type=\"hidden\" name=\"_wpcf7_unit_tag\" value=\"wpcf7-f1747-o1\" \/>\n<input type=\"hidden\" name=\"_wpcf7_container_post\" value=\"0\" \/>\n<input type=\"hidden\" name=\"_wpcf7_posted_data_hash\" value=\"\" \/>\n<\/div>\n<p><label> Votre nom<br \/>\n<span class=\"wpcf7-form-control-wrap\" data-name=\"your-name\"><input size=\"40\" class=\"wpcf7-form-control wpcf7-text wpcf7-validates-as-required\" autocomplete=\"name\" aria-required=\"true\" aria-invalid=\"false\" value=\"\" type=\"text\" name=\"your-name\" \/><\/span> <\/label>\n<\/p>\n<p><label> Votre e-mail<br \/>\n<span class=\"wpcf7-form-control-wrap\" data-name=\"your-email\"><input size=\"40\" class=\"wpcf7-form-control wpcf7-email wpcf7-validates-as-required wpcf7-text wpcf7-validates-as-email\" autocomplete=\"email\" aria-required=\"true\" aria-invalid=\"false\" value=\"\" type=\"email\" name=\"your-email\" \/><\/span> <\/label>\n<\/p>\n<p><label> Objet<br \/>\n<span class=\"wpcf7-form-control-wrap\" data-name=\"your-subject\"><input size=\"40\" class=\"wpcf7-form-control wpcf7-text wpcf7-validates-as-required\" aria-required=\"true\" aria-invalid=\"false\" value=\"\" type=\"text\" name=\"your-subject\" \/><\/span> <\/label>\n<\/p>\n<p><label> Votre message (facultatif)<br \/>\n<span class=\"wpcf7-form-control-wrap\" data-name=\"your-message\"><textarea cols=\"40\" rows=\"10\" class=\"wpcf7-form-control wpcf7-textarea\" aria-invalid=\"false\" name=\"your-message\"><\/textarea><\/span> <\/label>\n<\/p>\n<p><input class=\"wpcf7-form-control wpcf7-submit has-spinner\" type=\"submit\" value=\"Envoyer\" \/>\n<\/p><div class=\"wpcf7-response-output\" aria-hidden=\"true\"><\/div>\n<\/form>\n<\/div>\n\t\t\t\t<\/div>\n\t\t\t\t<\/div>\n\t\t\t\t\t<\/div>\n\t\t\t\t<\/div>\n\t\t\t\t<\/div>\n\t\t","protected":false},"excerpt":{"rendered":"<p>J\u2019\u00e9cris par plaisir, par n\u00e9cessit\u00e9, pour me conna\u00eetre, pour me souvenir, m\u00eame si c\u2019est faux, j\u2019\u00e9cris en d\u00e9cal\u00e9 des sentiments<\/p>\n","protected":false},"author":1,"featured_media":0,"parent":0,"menu_order":0,"comment_status":"closed","ping_status":"closed","template":"","meta":{"om_disable_all_campaigns":false,"footnotes":""},"_links":{"self":[{"href":"https:\/\/ameliekorsi.com\/index.php?rest_route=\/wp\/v2\/pages\/537"}],"collection":[{"href":"https:\/\/ameliekorsi.com\/index.php?rest_route=\/wp\/v2\/pages"}],"about":[{"href":"https:\/\/ameliekorsi.com\/index.php?rest_route=\/wp\/v2\/types\/page"}],"author":[{"embeddable":true,"href":"https:\/\/ameliekorsi.com\/index.php?rest_route=\/wp\/v2\/users\/1"}],"replies":[{"embeddable":true,"href":"https:\/\/ameliekorsi.com\/index.php?rest_route=%2Fwp%2Fv2%2Fcomments&post=537"}],"version-history":[{"count":24,"href":"https:\/\/ameliekorsi.com\/index.php?rest_route=\/wp\/v2\/pages\/537\/revisions"}],"predecessor-version":[{"id":1838,"href":"https:\/\/ameliekorsi.com\/index.php?rest_route=\/wp\/v2\/pages\/537\/revisions\/1838"}],"wp:attachment":[{"href":"https:\/\/ameliekorsi.com\/index.php?rest_route=%2Fwp%2Fv2%2Fmedia&parent=537"}],"curies":[{"name":"wp","href":"https:\/\/api.w.org\/{rel}","templated":true}]}}